{"id":380,"date":"2025-04-14T12:43:23","date_gmt":"2025-04-14T10:43:23","guid":{"rendered":"https:\/\/btrmagyarorszag.hu\/?post_type=product&#038;p=380"},"modified":"2025-04-14T15:18:32","modified_gmt":"2025-04-14T13:18:32","slug":"storm-tetocserep","status":"publish","type":"product","link":"https:\/\/btrmagyarorszag.hu\/index.php\/termek\/storm-tetocserep\/","title":{"rendered":"STORM tet\u0151cser\u00e9p"},"content":{"rendered":"<h2>STORM \u2013 m\u00e1r a kezdetekt\u0151l felismerhet\u0151 \u00e9s felt\u0171n\u0151 forma<\/h2>\n<h4>A STORM k\u0151z\u00fazal\u00e9k bevonat\u00fa tet\u0151fed\u00e9s m\u00e1r a kezdetekt\u0151l felismerhet\u0151 \u00e9s felt\u0171n\u0151 formavil\u00e1ggal rendelkezik \u2013 a BTR Systems egyik leg\u00fajabb term\u00e9ke, amely kiv\u00e1l\u00f3an illeszkedik t\u00f6bbek k\u00f6z\u00f6tt a leg\u00fajabb \u00e9p\u00edt\u00e9szeti st\u00edlusokhoz is. Ez a profil t\u00f6k\u00e9letesen harmoniz\u00e1l fa szerkezetekkel \u00e9s r\u00f6nkh\u00e1zakkal, ugyanakkor remek\u00fcl mutat minimalista, design-k\u00f6zpont\u00fa \u00e9p\u00fcleteken is. M\u00e9ly, karakteres form\u00e1ja \u00e9s mint\u00e1zat\u00e1nak szab\u00e1lytalans\u00e1ga h\u0171en id\u00e9zi meg a val\u00f3di rezg\u0151ny\u00e1rfa zsindelyek \u00e9s a fa term\u00e9szetes anyag\u00e1nak hangulat\u00e1t.<\/h4>\n<p class=\"\" data-start=\"0\" data-end=\"461\">A STORM a Kanad\u00e1b\u00f3l sz\u00e1rmaz\u00f3 rezg\u0151ny\u00e1rfa zsindelyek megid\u00e9z\u00e9se. A kifinomult \u00edzl\u00e9s megtestes\u00edt\u0151je, \u00e9s a fah\u00e1zak, fa\u00e9p\u00edt\u00e9szet szerelmesei most m\u00e9g t\u00f6bb lehet\u0151s\u00e9g k\u00f6z\u00fcl v\u00e1laszthatnak. A STORM inspir\u00e1ci\u00f3j\u00e1t a term\u00e9szetb\u0151l mer\u00edti \u2013 a vad viharok, heves es\u0151z\u00e9sek \u00e9s er\u0151s szelek csak n\u00e9h\u00e1ny p\u00e9lda azok k\u00f6z\u00fcl a term\u00e9szeti er\u0151k k\u00f6z\u00fcl, amelyekkel k\u00f6nnyed\u00e9n megbirk\u00f3zik. Tet\u0151fed\u00e9seink szakszer\u0171 felszerel\u00e9se rendk\u00edv\u00fcli ellen\u00e1ll\u00e1st biztos\u00edt az er\u0151s sz\u00e9ll\u00f6k\u00e9sekkel szemben.<\/p>\n<p class=\"\" data-start=\"463\" data-end=\"616\">A BTR Systems k\u00edn\u00e1lat\u00e1ban megtal\u00e1lhat\u00f3k a k\u0151z\u00fazal\u00e9k bevonat\u00fa kieg\u00e9sz\u00edt\u0151k is, amelyek seg\u00edts\u00e9g\u00e9vel a v\u00e9geredm\u00e9ny egy harmonikusan \u00f6ssze\u00e1ll\u00edtott tet\u0151 lesz.<\/p>\n","protected":false},"excerpt":{"rendered":"<h4 style=\"text-align: center\">Sz\u00ednek<\/h4>\n<p>Eredeti sz\u00edneink tov\u00e1bbi lehet\u0151s\u00e9geket adnak a tet\u0151 megjelen\u00e9s\u00e9nek fokoz\u00e1s\u00e1ra. Ez a kiterjedt sz\u00ednv\u00e1laszt\u00e9k a BTR Systems tet\u0151fed\u0151 megold\u00e1sait \u00e9ppoly eleg\u00e1nss\u00e1 teszi, mint ahogy tele vannak energi\u00e1val \u00e9s dinamik\u00e1val.<\/p>\n<p><img loading=\"lazy\" decoding=\"async\" class=\"wp-image-369 size-full aligncenter\" src=\"https:\/\/btrmagyarorszag.hu\/wp-content\/uploads\/2025\/03\/thunder-colors.png\" alt=\"\" width=\"703\" height=\"704\" srcset=\"https:\/\/btrmagyarorszag.hu\/wp-content\/uploads\/2025\/03\/thunder-colors.png 703w, https:\/\/btrmagyarorszag.hu\/wp-content\/uploads\/2025\/03\/thunder-colors-480x481.png 480w\" sizes=\"(min-width: 0px) and (max-width: 480px) 480px, (min-width: 481px) 703px, 100vw\" \/><\/p>\n<h4 style=\"text-align: center\">M\u0171szaki r\u00e9szletek<img loading=\"lazy\" decoding=\"async\" class=\"aligncenter wp-image-381 size-full\" src=\"https:\/\/btrmagyarorszag.hu\/wp-content\/uploads\/2025\/04\/profil_storm.png\" alt=\"\" width=\"1024\" height=\"1024\" srcset=\"https:\/\/btrmagyarorszag.hu\/wp-content\/uploads\/2025\/04\/profil_storm.png 1024w, https:\/\/btrmagyarorszag.hu\/wp-content\/uploads\/2025\/04\/profil_storm-980x980.png 980w, https:\/\/btrmagyarorszag.hu\/wp-content\/uploads\/2025\/04\/profil_storm-480x480.png 480w\" sizes=\"(min-width: 0px) and (max-width: 480px) 480px, (min-width: 481px) and (max-width: 980px) 980px, (min-width: 981px) 1024px, 100vw\" \/><\/h4>\n<p style=\"text-align: center\">Teljes sz\u00e9less\u00e9g ~ 1359 mm<br \/>\nHasznos sz\u00e9less\u00e9g &#8211; 1312 mm<br \/>\nAc\u00e9l vastags\u00e1g + AZ &#8211; 0,44 mm<br \/>\nLegkisebb tet\u0151hajl\u00e1ssz\u00f6g &#8211; 14\u00b0<br \/>\nLap s\u00falya ~ 3 kg<br \/>\nProfil magass\u00e1ga &#8211; 7 mm<br \/>\nAnyagsz\u00fcks\u00e9glet &#8211; 2,06 db\/m2<br \/>\nModul Hossza &#8211; 370 mm<br \/>\nLemez hossza &#8211; 425 mm<\/p>\n","protected":false},"featured_media":382,"comment_status":"open","ping_status":"closed","template":"","meta":{"_et_pb_use_builder":"","_et_pb_old_content":"","_et_gb_content_width":""},"product_brand":[],"product_cat":[19,20],"product_tag":[],"class_list":{"0":"post-380","1":"product","2":"type-product","3":"status-publish","4":"has-post-thumbnail","6":"product_cat-termekek","7":"product_cat-tetocserepek","9":"first","10":"instock","11":"shipping-taxable","12":"product-type-simple"},"_links":{"self":[{"href":"https:\/\/btrmagyarorszag.hu\/index.php\/wp-json\/wp\/v2\/product\/380","targetHints":{"allow":["GET"]}}],"collection":[{"href":"https:\/\/btrmagyarorszag.hu\/index.php\/wp-json\/wp\/v2\/product"}],"about":[{"href":"https:\/\/btrmagyarorszag.hu\/index.php\/wp-json\/wp\/v2\/types\/product"}],"replies":[{"embeddable":true,"href":"https:\/\/btrmagyarorszag.hu\/index.php\/wp-json\/wp\/v2\/comments?post=380"}],"wp:featuredmedia":[{"embeddable":true,"href":"https:\/\/btrmagyarorszag.hu\/index.php\/wp-json\/wp\/v2\/media\/382"}],"wp:attachment":[{"href":"https:\/\/btrmagyarorszag.hu\/index.php\/wp-json\/wp\/v2\/media?parent=380"}],"wp:term":[{"taxonomy":"product_brand","embeddable":true,"href":"https:\/\/btrmagyarorszag.hu\/index.php\/wp-json\/wp\/v2\/product_brand?post=380"},{"taxonomy":"product_cat","embeddable":true,"href":"https:\/\/btrmagyarorszag.hu\/index.php\/wp-json\/wp\/v2\/product_cat?post=380"},{"taxonomy":"product_tag","embeddable":true,"href":"https:\/\/btrmagyarorszag.hu\/index.php\/wp-json\/wp\/v2\/product_tag?post=380"}],"curies":[{"name":"wp","href":"https:\/\/api.w.org\/{rel}","templated":true}]}}